 Let i(f) = k*l(f) + 4*w(f). Is i(-11) prime?
False
Let v(d) = 15*d + 14. Let a(s) = 8*s + 7. Let y(w) = -9*a(w) + 4*v(w). Suppose -j + 14 = -3*j. Is y(j) composite?
True
Let q = 29423 - 20656. Is q a prime number?
False
Let x be 2340/27 + (-1)/(-3). Suppose -2*t - 123 = a, 0 = 2*a + 3*t + 159 + x. Let g = 200 + a. Is g a composite number?
True
Suppose 7*q + 60 = 18. Is 2/4*(892 + q) prime?
True
Let p = -27683 + 38796. Is p composite?
False
Let w = 25 + -21. Suppose -2*p = p + 5*v - 3853, -w*v = 3*p - 3857. Is p a composite number?
False
Is (-2 + 4)/((-42)/(-10479)) prime?
True
Let j(l) = l**2 + 17*l - 397. Is j(40) composite?
True
Suppose 10*n - 3*i - 2302 = 8*n, 4*n + i = 4604. Is n composite?
False
Let p(w) = 126*w**2 + w. Is p(1) a composite number?
False
Suppose -6*f + 591 = 3*w - 2*f, 2*f = 4*w - 810. Is w composite?
True
Let j(r) = r + 1. Suppose 0*n + 3*n - 9 = 0. Let h be j(n). Suppose -3*c = -h*c + 59. Is c composite?
False
Suppose m = 8*d - 4*d - 16, -3*m = 4*d - 32. Suppose 0 = -d*h - 0*u - 5*u + 100, -70 = -3*h - 5*u. Is h composite?
True
Let o be ((-10)/(-4))/(1/(4 + 154)). Suppose 3*c - 484 = o. Is c composite?
False
Suppose -5*d + 6 = -3*t - 4, -4*d + 3*t = -5. Suppose 3*k = z + 2*k - 9, -d*z + 3*k = -51. Is z*(-1)/9*-3 a composite number?
True
Suppose 2*y = 5*x - 5753, 5*x + y - 2*y - 5749 = 0. Is x a prime number?
False
Let p(g) = 7*g**3 + g**2 + 2*g + 4. Is p(5) a prime number?
False
Suppose 592 + 262 = r - 2*l, 3*l + 1712 = 2*r. Suppose j = 935 + r. Is j composite?
True
Let x(n) = -n - 7. Let d be x(-12). Suppose -3*t = -2*q - 0*q + 6721, -d*q = -2*t - 16797. Is q a composite number?
False
Suppose 19*t - 34*t = -91815. Is t prime?
True
Suppose -2*y - 36727 = -3*k, -k = 3*y - 5226 - 6998. Is k prime?
True
Suppose -20*w = -22*w + 710. Is w a composite number?
True
Suppose 15396 = 2*b - 8242. Is b a composite number?
True
Let r(i) = -14*i**3 + 5*i**2 + 17*i + 45. Is r(-13) prime?
False
Let x(a) = a**2 + 7*a + 20. Let p = -91 + 61. Let i = 16 + p. Is x(i) a prime number?
False
Let j be (1/2)/((-4)/(-2032)). Let w = 3 + j. Is w prime?
True
Suppose 0 = 12*v + 4*v - 4624. Let x = v - -64. Is x a composite number?
False
Let u(j) be the third derivative of 11*j**7/2520 - j**6/80 - j**5/10 + 6*j**2. Let v(y) be the third derivative of u(y). Is v(10) a prime number?
True
Let y(m) = -m**3 - 3*m**2 - 7*m + 1. Let g(r) = -r + 2. Let c be g(0). Suppose 5*j - c*j + 10 = -k, 2*k - 30 = 4*j. Is y(j) a prime number?
False
Suppose -3*u = 4*x - 2027, 2*u - 2*x + 4*x - 1352 = 0. Is u a composite number?
False
Let y = -47 - 470. Is y*(3 + (-3 - 1)) prime?
False
Let w(j) = j**3 - 3*j**2 - 6*j - 33. Let x be w(10). Let q = 18 + -6. Suppose q - x = -5*a. Is a composite?
True
Let r(m) = -3*m**3 + 2*m**2 + 3*m + 10. Let q be r(-13). Suppose -2*t = -6*t + q. Suppose -5*h = 530 - t. Is h a prime number?
True
Is (5682628/(-294))/(2/(-3)) a composite number?
True
Let o(j) be the third derivative of 241*j**5/30 - j**4/8 - j**3/6 + 22*j**2. Is o(1) a prime number?
False
Suppose 276505 = -4*f + 21*f. Is f a composite number?
True
Let i = 171 + -164. Suppose -8*s = -i*s - 1067. Is s a prime number?
False
Is 4/(-8) + (-16605)/(-6) a composite number?
False
Is (-157297)/(-3) + 3 + 63/(-27) prime?
True
Let t = 679 + -122. Is (-1 - 0) + -3 + t a composite number?
True
Suppose 0 = -6*s + s. Let a be 12/9*(-6)/(-4). Suppose a*i - 614 = -s*i. Is i a prime number?
True
Let p(y) = 647*y + 97. Is p(8) a prime number?
True
Let k(j) be the second derivative of 5*j**4/12 - j**3/6 + 5*j. Let i be k(3). Suppose i = 3*r - r. Is r composite?
True
Let c(h) = -164*h - 6. Let m be c(-6). Let f = 2242 - m. Let z = -707 + f. Is z prime?
True
Let v(n) = 543 + 8*n - 552 + 300*n**2 - 3*n. Is v(-4) prime?
False
Let p(n) = 4*n**2 + 29*n - 6. Let l be p(-7). Is 1/((-26)/l*1/958) composite?
False
Let w(x) = x**2 + 3*x. Let n be w(-3). Suppose n*z - 1774 = -2*z. Is z a composite number?
False
Let f be 88/10 - (-1)/5. Suppose -2*o + f = 3*d, -3*o = d + 2*o - 3. Suppose 2*w + 105 = 4*p - 285, 3*w = -d. Is p a prime number?
True
Suppose -161*t - 58616 = -169*t. Is t a composite number?
True
Let u = 30 + -2. Is ((-8)/u - 4/84)*-1869 a composite number?
True
Suppose -3*d = -5*d. Let p be (-2 - d)*-1*2. Suppose 74 + p = 3*t. Is t a prime number?
False
Suppose 97 = 5*w - 48. Let c = 35 - w. Is c prime?
False
Suppose -193189 = -5*i + 2*g + 26378, 2*g - 219563 = -5*i. Is i composite?
False
Suppose o + 2*r = -4*o - 62, -5*r = -5*o - 55. Let m = 89 + o. Let j = 564 - m. Is j prime?
True
Suppose 5*j + 3540 = -j. Suppose 3723 = 4*d - 3*i, 3688 = 4*d - 0*i + 4*i. Let n = d + j. Is n prime?
True
Let d be 5 + -6 - 26/2. Let s = d + 14. Suppose -2485 = -s*f - 5*f. Is f composite?
True
Let i = 30 + -27. Suppose 15 = -3*n, d = i*d - n - 2059. Is d composite?
True
Let j(f) = 61*f**2 - 20*f - 15. Is j(-8) composite?
False
Let l(k) = 2*k**2 + 2*k + 323. Let r be l(0). Let n = -192 + r. Is n composite?
False
Suppose 5*h - 48854 - 14176 = p, h = 3*p + 12620. Is h a prime number?
False
Suppose -27*j - 3*r = -29*j + 529, 5*j - r = 1316. Is j a prime number?
True
Suppose -6*j + 1770 = 4*j. Suppose -2*w + 725 = -j. Is w prime?
False
Suppose 5*f = 25, 5*f - 13080 = -38*s + 33*s. Is s composite?
True
Let r(o) = 9*o**2 - 30*o - 65. Let i(t) = 5*t**2 - 15*t - 33. Let g(q) = -7*i(q) + 4*r(q). Is g(-9) a composite number?
True
Is 1 + 0/(-1) + (-2807094)/(-199) a composite number?
False
Let q(g) = 14*g - 3. Let l = 11 - 20. Let y = 14 + l. Is q(y) a prime number?
True
Let d be -2*(1586/4 - -3). Let j = -444 - d. Suppose -4*x = -497 - j. Is x prime?
False
Let x(p) = -p**2 + 8*p - 7. Let u be x(6). Let f be (6/u)/(18/45). Is 0 - f/(-6)*1942 composite?
False
Let j(r) = -r**3 - 6*r**2 + 6. Let q be j(-6). Is (-3)/q*-1*62 a prime number?
True
Suppose 0*n - 4*n = 20. Is 17/(1/(-35)*n) a prime number?
False
Let m = -99 - -103. Suppose -m*x + 2348 = r, -x + 3*r = -0*x - 587. Is x a prime number?
True
Let v(a) = 65*a**3 - 11*a**2 - 12*a + 15. Is v(7) a composite number?
True
Let h(s) = -13*s - 6. Let p be h(2). Let t = -57 - p. Is (-10)/t - 7966/(-10) a composite number?
False
Let f(y) be the third derivative of 5*y**4/8 + 9*y**3 - 6*y**2. Is f(13) a prime number?
False
Is 5 + -1 - (-3 - (9513 + 1)) a prime number?
True
Let t(o) = -5*o + 27. Let x be t(5). Suppose -3*m + 12 = 0, x*a - 270 = -m - 0*m. Is a prime?
False
Let u(q) = -775*q - 8. Let s be u(-3). Let n = s + 2056. Is n a prime number?
True
Let l = 12318 - -9109. Is l prime?
False
Let z = -33 - -7240. Is z prime?
True
Let i(t) = 9*t + 3. Let p be i(11). Suppose p = 2*j - 516. Suppose -y + n + 4*n + j = 0, -y = n - 333. Is y prime?
False
Let t(c) = -c**2 + 2*c + 13. Let p be t(-3). Is (-1)/6*p + 62860/42 prime?
False
Suppose -18005 = 2*k - 7*k. Is k prime?
False
Suppose o + k - 2*k = -5, 4*o = k - 5. Suppose 6*u - 21 + 63 = o. Let r(l) = -29*l - 18. Is r(u) a composite number?
True
Suppose 15*f - 12*f - 7962 = 0. Is f a prime number?
False
Suppose -11*k = -8*k - 6. Let n = 750 - 369. Suppose k*r - n = r. Is r a composite number?
True
Let w(v) = 3*v**2 - 2 + 2 - 8*v. Let t(x) = -x**3 - 2*x**2 - x - 7. Let d be t(0). Is w(d) a composite number?
True
Suppose 0 = -s + 526 + 763. Let u = s + -706. Is u prime?
False
Suppose 0 = -2*t + 297 + 21. Is t prime?
False
Let m(i) = i**3 - 16*i**2 - 9*i + 43. Is m(17) prime?
True
Let q(r) = -164*r + 673. Is q(-45) a composite number?
False
Suppose 3*q - 5*q + 13810 = 0. Is q a composite number?
True
Suppose -18917 - 35988 = -5*i. Is i prime?
False
Suppose 0 = -5*d - 18 - 2. Suppose 0*z - z + 4 = -q, 2*q + 10 = 3*z. Is (-681)/(-6) - q/d a prime number?
True
Let c be (-2)/((-4 - 1)/20). Suppose c*j = 2*j + 1266. Is j a prime number?
True
Let s(b) = 2*b + 3. Let o be s(2). Let x(f) = f**3 - 4*f**2 - f - 1. Is x(o) prime?
True
Suppose -2*g + 2*q - 5271 = 3*g, -3*g = -5*q + 3155. Let j = 1608 + g. Is j prime?
False
Is (1 - 3) + -4 - (-20448 - 65) a composite number?
False
Let z(o) = 68*o**2 - 3*o**3 - 63*o**2 - 11 - o**3. Is z(-5) a composite number?
True
Suppose -6 = 4*m - 22. Suppose -221 - 627 = -u + 3*b, 2569 = 3*u - m*b. Is u composite?
False
Suppose 107 = -4*n - 1. Let c = 446 + n. Is c a composite number?
False
Let q(f) = -2*f**2 + 